6 = -k*i - 2, i + 20 = 2*l. Suppose -9*j + l*j = -2. List the prime factors of j.
2
Let d(z) = 3*z**2 - 3*z + 1117. What are the prime factors of d(-127)?
5, 11, 907
Suppose 141*r + 103*r = 192*r + 455572. What are the prime factors of r?
8761
Suppose -15*w + 10*w - 5*w + 303220 = 0. List the prime factors of w.
2, 15161
Let w(m) = -m**3 + 40*m**2 - 10*m + 55. What are the prime factors of w(23)?
2, 4409
Let j(n) = -n**3 - 24*n**2 - 58*n - 18. Suppose 19*h - 116 + 553 = 0. What are the prime factors of j(h)?
787
Suppose -2*h = -c - 6, 3*c - 4*c = -h + 1. Suppose -o + 5*o = 4*u - 1224, -h*o + 633 = 2*u. Let x = u + -193. List the prime factors of x.
2, 29
Let q = -90 + 92. Suppose q*n + 0*n - 682 = 0. List the prime factors of n.
11, 31
Let i be -1 + 1 + 1 + (-122 - -121). List the prime factors of (1 + i + 11/(-1))/(-2).
5
Let l(m) = 19 + 23 - 48 + 5*m + 147*m**2. What are the prime factors of l(2)?
2, 37
What are the prime factors of 5715 - (6 - 39/13)?
2, 3, 7, 17
Let p(a) = a**3 + 17*a**2 + 16*a + 11. Let u be p(-16). Let v = u - 9. What are the prime factors of 0*v/4 - (-4 + -59)?
3, 7
Let c(p) = -4*p - 16. Let z be c(-5). Let q be ((4 - z)/(-5))/(4/(-2)). Suppose -3*t = -q*t - 4*s - 552, -4*t + 2*s + 726 = 0. What are the prime factors of t?
2, 3, 5
Let p(c) be the second derivative of c**4/12 + c**3/6 - 27*c**2/2 + 21*c. Let g be p(-12). Let h = -21 + g. What are the prime factors of h?
2, 3, 7
Suppose -19*j + 24*j - 85 = 0. Suppose 4*b = 31 + j. List the prime factors of 786/b + (-9)/(-6).
67
Suppose -g - 1 - 12 = -3*q, 8 = -4*q - 5*g. Suppose 68*p = 65*p + q. What are the prime factors of 14*3 - p/(-2)*6?
3, 5
Suppose 6*j = -54 + 1476. Let d = 99 - j. Let n = d + 304. List the prime factors of n.
2, 83
Let a(x) = -x**2 - 14*x + 2. Let r be (((-68)/3)/(-4))/(1/3). Let h = -30 + r. List the prime factors of a(h).
3, 5
Let x be 284/((-16)/(-4)) - (7 - 11). Let j = 1363 - x. What are the prime factors of j?
2, 7, 23
Let i(j) = -10*j + 162. Suppose 5*l + 65 = 115. What are the prime factors of i(l)?
2, 31
Suppose -23*c = -5*c + 72. Let z(q) = 14*q**2 - 14*q + 7. List the prime factors of z(c).
7, 41
Suppose -2*y = -15*y + 52. Suppose -21*q + y*q + 10183 = 0. What are the prime factors of q?
599
Suppose -3*u = 3*y + 3, 5*u + 2 = -3*y - 1. Suppose u = 6*a - 3*a - 12. Suppose 425 = a*p - 3*r, 5*r - 109 = -2*p + 84. List the prime factors of p.
2, 13
Let r(f) = 470*f**2 - 239*f + 1458. List the prime factors of r(6).
2, 3, 353
Suppose -4*v + g - 114 = 0, 4*v - 3*g = 3*v - 34. List the prime factors of (-2988)/(-15) + (-3 - v/10).
199
Suppose -4*p = -y + 1074, 6*y + p + 5465 = 11*y. Let u = y - 540. What are the prime factors of u?
2, 277
Let m(q) = 1376*q**2 - 61*q + 35. List the prime factors of m(2).
5417
Let q(t) = 4*t + 77. Let c be q(-18). Suppose c*w = 95 + 1925. List the prime factors of w.
2, 101
Let u(x) = -24*x - 105. Let d be u(5). Let j = d + 253. List the prime factors of j.
2, 7
List the prime factors of 973 - 0 - ((-7084)/1265 + (-8)/(-5)).
977
Let u = 2810 - -416. What are the prime factors of u?
2, 1613
Let y be -8 + (3/(-8) - (-182)/16) + -33. Suppose j = 5*u - 2*j - 551, -5*u + j + 557 = 0. Let f = y + u. List the prime factors of f.
2, 41
Let n = -4290 - -35296. What are the prime factors of n?
2, 37, 419
Suppose n + 2*n = -3*h - 6, 6 = 3*n. Let x be (22 - -9)*(-2)/h*-2. List the prime factors of ((31/(-2))/1)/(x/310).
5, 31
Suppose -28*r = -35*r. Let y(l) = -18*l + 4. What are the prime factors of y(r)?
2
Let s = 258165 + -180066. What are the prime factors of s?
3, 7, 3719
Let v(g) = -36*g - 3. Let u be v(-3). Suppose 0 = 23*o - 28*o - u. Let d = o - -62. What are the prime factors of d?
41
Suppose -95*u + 143 + 25795 = -77*u. What are the prime factors of u?
11, 131
Suppose -304*y + 4755835 = 1144619. What are the prime factors of y?
7, 1697
Suppose 0 = -4*p + 3*q + 32020, 5*q = -2*p + 18543 - 2507. List the prime factors of p.
2, 7, 11, 13
Let x = 2562 - -8058. List the prime factors of x.
2, 3, 5, 59
Suppose 15256 = 3*f - 2*b, 4*f + 4*b = 13466 + 6862. What are the prime factors of f?
2, 31, 41
What are the prime factors of -24163*10/(-20) + (-2)/4?
3, 4027
List the prime factors of 29/27 + -1 - 6135875/(-135).
7, 43, 151
Let d(r) = r**3 + 8*r**2 - 20*r + 17. Let z be d(-10). Suppose z*o = 57*o - 46800. List the prime factors of o.
2, 3, 5, 13
Suppose -102*x + 566388 = 112599 - 221451. What are the prime factors of x?
2, 5, 331
Let o be 8*4/48 + (-13)/(-3). Suppose 2 = -v + 6, -o*g = -2*v - 17. Let r = 73 - g. What are the prime factors of r?
2, 17
Suppose 14*d + 6535 = -3895. Let h = d + 1193. Suppose -2*u = 5*z - 452, 5*u = -5*z + 2*u + h. What are the prime factors of z?
2, 23
Suppose -5*w - 894 + 334 = -5*x, 224 = 2*x + 3*w. Let b = 118 - x. Suppose -11*r + 1215 = -b*r. List the prime factors of r.
3
Suppose -55*t = -570096 - 186453 - 1362601. What are the prime factors of t?
2, 5, 3853
Let v(k) = 14*k**2 + 7*k + 96. Suppose -2*d - 2*j - 16 = 0, -4*j - 8 + 46 = -3*d. List the prime factors of v(d).
2, 23, 31
Suppose 0 = 2*y + 3*x + 199, 3*x + 678 - 176 = -5*y. Suppose -5*w + 32*w - 4293 = 0. Let v = y + w. What are the prime factors of v?
2, 29
Let i = -3339 + 4939. What are the prime factors of i?
2, 5
Let r = 90073 + -54755. What are the prime factors of r?
2, 17659
Let n = 33 - 116. Suppose -60 - 284 = -2*a + x, 2*a + 2*x - 344 = 0. Let v = a + n. List the prime factors of v.
89
Suppose 55*j = 37*j. Let r(g) = g + 3. Let p be r(0). Suppose p*a - 38 = -y + 17, -4*a = j. What are the prime factors of y?
5, 11
List the prime factors of 40/40*216*1.
2, 3
Let h(w) = w**3 + 7*w**2 - w - 5. Let b = 9 - 16. Let z be h(b). Suppose 2*t - 50 = o + 133, 0 = z*t + 2*o - 192. List the prime factors of t.
3, 31
Let u(i) = -i**2 - 9*i + 19. Let v be u(-10). Suppose v*k - 142 = 38. List the prime factors of k/((-4)/(-8) - 0)*3.
2, 3, 5
Let p = 503 + 110. Suppose -p = -2*r + 213. What are the prime factors of r?
7, 59
Suppose 3*b - o - 1 = -0*o, -3*b + 2 = -2*o. Suppose -9*r + 0*r + 18 = b. Suppose 77 = r*d + 5*p - 151, 2*d + 4*p = 232. What are the prime factors of d?
2, 31
Let h(n) = 238*n**2 - 10*n + 6. Let l be h(2). Suppose 11*t - l = -3*t. What are the prime factors of t?
67
Let q be (24/30)/((-1)/(-30)*4). Let x(z) = 5*z - 12. List the prime factors of x(q).
2, 3
Let h(g) = g**2 - 2*g + 2. Let f(n) = n + 2. Let k be f(1). Suppose 2*l = -k*l + 35. What are the prime factors of h(l)?
37
Let q = -291 + 321. Suppose -i + 1414 + q = -2*a, 3*a + 1443 = i. List the prime factors of i.
2, 3, 241
Suppose 27*b + 30 = 33*b. Suppose 85 = b*m + 335. What are the prime factors of (-12210)/m - (-1 - 12/(-10))?
2, 61
Suppose 0 = 123*q - 102*q + 126. Let g(b) = -233*b - 86. What are the prime factors of g(q)?
2, 41
Let w(p) = 58*p + 14. Let l(i) = 59*i + 15. Let z(k) = -5*l(k) + 6*w(k). Let v be z(4). Let y = v - 133. What are the prime factors of y?
2, 11
Let b = 44932 + -7583. List the prime factors of b.
13, 17
List the prime factors of ((9 - 15)*2441)/(6/(-3)).
3, 2441
Let m = 39753 + 158. List the prime factors of m.
107, 373
Suppose 0 = -4*x - w + 31, w - 1 = 2*x - 4*w. List the prime factors of 5/(-35) - x/((-98)/2480).
3, 59
Suppose -3*t = 12 - 12. Suppose 0 = s - 4*v - 120 - 624, -5*s + 5*v + 3765 = t. What are the prime factors of s?
2, 3, 7
List the prime factors of (14/(-4))/((-38)/(-76)) - 65266/(-2).
2, 11, 1483
Let n be 6/15*5 - -2. Suppose -j = 3, 5*p = n*j + 49 - 2. Suppose -4*q + p*q = 24. What are the prime factors of q?
2
Let w(n) = n**3 - 67*n**2 - 67*n + 447. What are the prime factors of w(68)?
5, 103
Let z = 25 - 23. Suppose -2*f + 5*f - 1506 = -4*m, 0 = z*m + 4*f - 758. What are the prime factors of m?
3, 5
Let v(y) = -20*y + 27. Suppose -10 = -27*f + 25*f, -5*x - 35 = -f. List the prime factors of v(x).
3, 7
Suppose 26 = 5*o + 6. Suppose -3*c = -o*a + 56, 12 + 0 = -3*a. Let s = 2 - c. List the prime factors of s.
2, 13
Let t = -36 + 35. Let j be -2 - t - (-8 + 3). Suppose 4*q = 4*p + 243 - 19, -j*p = 3*q - 203. What are the prime factors of q?
61
Let t be 1/(3 - 20/8). Suppose -3 = -i, 136 = l + l - t*i. Suppose 32 = o - l. List the prime factors of o.
103
Suppose -5*t + 21017 = -235*v + 239*v, t = 4*v - 21011